m + 10 = 26*m. Let a(u) = -u + 16 + m*u + 17 + 9. Let w be a(0). What is the greatest common factor of 63 and w?
21
Suppose -91*t + 150994 = -51481. What is the greatest common divisor of 89 and t?
89
Suppose 4*v - 277*u = -274*u + 6086, v + 2*u = 1538. What is the greatest common divisor of v and 3706?
218
Suppose 0 = -2*u + 5*g + 626, 127 = 2*u - 2*g - 523. What is the greatest common factor of u and 1184?
37
Let z(p) = -2*p**2 - 9*p - 12. Let k(x) = x**2 - 2. Let m(i) = 3*k(i) + z(i). Let h be m(12). What is the highest common divisor of h and 18?
18
Let q = -13990 + 14002. What is the greatest common factor of q and 8466?
6
Suppose 5*t = -5*n + 10525, -2*n + 0*n = 10. Let b = t - 1230. What is the highest common factor of b and 55?
55
Let n = 23 + -6. Let u = 299 + -154. Suppose 5*h - 3*m - 261 = 0, -7*m + 3*m + u = 3*h. What is the highest common factor of h and n?
17
Suppose 2*l = 3*b - 24990, -4*b + 12983 = 2*l - 20337. What is the greatest common factor of 10 and b?
10
Let a(f) = -f**3 + 4*f**2 - f - 4. Let m be a(3). Let z = m + 93. What is the greatest common divisor of 76 and z?
19
Let w = 4948 - 4324. What is the highest common divisor of 8 and w?
8
Let r(t) = -16*t**2 + 7*t + 11. Let m be r(-2). Let s = -54 - m. Calculate the greatest common divisor of 2 and s.
1
Suppose -4*p = -p + g - 121, -p - 2*g + 42 = 0. Suppose 3*s = c - p, 0 = -4*c + 3*s + 80 + 44. Calculate the highest common factor of 896 and c.
28
Let h = -13265 + 13430. Calculate the greatest common factor of 4345 and h.
55
Suppose 0 = -2*n + 31 + 211. Suppose 0 = 3*p + 2*f + 650 + 2062, -4*f = -3*p - 2694. Let y = p - -924. Calculate the highest common divisor of y and n.
11
Suppose -7*f + 5*f + 18 = 0. Suppose 61*l = 67*l - 216. Calculate the highest common divisor of l and f.
9
Suppose 9*r - 15 + 6 = 0. Let s be (-4 - -174) + 4 + r. What is the greatest common divisor of s and 70?
35
Let m be -5 - -12 - (-2 - -6)/1. Let p be -22*m/(-12)*104/4. What is the greatest common factor of p and 13?
13
Let u(x) = -2*x**2 - 7*x + 42. Let k be u(9). Let r = k + 575. What is the highest common factor of 168 and r?
56
Suppose 6264 = 268*h - 8476. Calculate the greatest common factor of 594 and h.
11
Let j = -24 + 29. Suppose 2732 + 1288 = 12*q. Calculate the greatest common factor of j and q.
5
Let t = 445 - 445. Suppose 76*d - 58*d - 1332 = t. Calculate the highest common divisor of d and 259.
37
Let y = -10141 + 10237. What is the highest common factor of 1896 and y?
24
Suppose -2*b - 2 = -74. Let f = 2815 + -2731. Calculate the highest common factor of f and b.
12
Let i(l) = 1754*l**3 + 35*l**2 - 36*l + 1. Let w be i(1). Calculate the highest common factor of 2 and w.
2
Let z be (-5)/((-35)/49) - 2. Let x be (-2*z/2)/((-1)/12). What is the highest common divisor of x and 24?
12
Let n(p) = -119*p - 2376. Let m be n(-20). What is the greatest common factor of m and 3944?
4
Suppose -42 = -9*i + 3*i. Let z(o) = o - 7. Let r be z(i). Suppose r = 4*f - 51 - 9. Calculate the greatest common factor of 5 and f.
5
Suppose -2*s + s + 182 = b, 4*s + 20 = 0. Suppose -792*h + 802*h = 110. Calculate the greatest common divisor of b and h.
11
Let s be 3/8 - (-30)/48. Let x be (21/42)/(s/56). Calculate the greatest common factor of 448 and x.
28
Let n = -1281 + 2386. Calculate the greatest common factor of 260 and n.
65
Let t be 74472/21 - -8*(-5)/140. What is the highest common factor of t and 18?
18
Suppose -1275 = -6*m + 1197. Let c = m + -247. What is the highest common divisor of 45 and c?
15
Let l = -906 - -918. Calculate the greatest common divisor of l and 6048.
12
Let t = 563 - 567. Let k(m) = -m**2 - 15*m - 5. Let u be k(t). What is the greatest common divisor of u and 12?
3
Let s = -16 + 26. Suppose -4*i - s = -62. Suppose -2*m = -4*h - 202, 0 = 4*m - 4*h - 141 - 243. What is the highest common factor of i and m?
13
Suppose -4*o + 0*o = -32. Let g = 227 - 107. Suppose 51*n - g = 36*n. What is the highest common divisor of o and n?
8
Let l be 2/(-5) + ((-16128)/30 - 1). Let t = 838 + l. Calculate the greatest common divisor of t and 23.
23
Let o = 1564 + 9308. What is the greatest common factor of 72 and o?
72
Let s(l) = 3*l**2 - 49*l - 1232. Let t be s(-17). What is the highest common factor of 324 and t?
36
Let c(v) = -2*v - 33. Let i be c(-18). Let d(n) = -5*n + 4 + 6*n**2 - n**3 + 3 - 4. Let y be d(i). Calculate the greatest common divisor of y and 75.
15
Let r(j) = -5*j**2 - 10*j - 51. Let p be r(-8). Let q = 411 + p. What is the highest common factor of q and 520?
40
Suppose 21*k + 27660 = -34*k + 29145. Let i be (-1)/3 + (-3242)/(-6). What is the highest common factor of k and i?
27
Suppose 5 = -i - 5*a, -5*i - a = 5 - 28. Suppose -i*o + h = -3*h - 61, h = -4. Let p be (6/8)/((-7)/(-756)). What is the greatest common divisor of p and o?
9
Let b = 135 - 151. Let h be ((-51)/24 - -4) + (-2)/b. Let o be (-63)/(-12)*(-16)/(-6). Calculate the greatest common divisor of o and h.
2
Suppose 45*m - 72*m = -507627. Suppose 41*j = -7526 + m. Calculate the highest common factor of j and 33.
11
Suppose 720 = -38*o - 30*o + 84*o. What is the highest common divisor of 390 and o?
15
Let x(o) = 8*o**2 + 68*o - 8. Let f be x(-12). Let z = 343 - f. Calculate the greatest common factor of z and 255.
15
Let h be (-330 + 1)*1 - -1. Let r = -174 - h. Calculate the highest common factor of r and 14.
14
Let c be (2/(-2))/((-3)/6). Suppose c*n - 6 = 4. Suppose -40*m + 1527 = -340 - 333. What is the greatest common divisor of n and m?
5
Let y(x) = -12*x**3 - 74*x**2 + 3*x + 67. Let p be y(-7). Calculate the greatest common divisor of 128 and p.
8
Let k = -103 + 212. Let t = k - 94. What is the greatest common divisor of t and 195?
15
Let t be -5 + 13 - (-28)/10*385/(-154). Let f = -2 + 3. Calculate the greatest common divisor of f and t.
1
Let b be 258/4 - (-1)/(-2). Let y(n) be the second derivative of -29*n**3/3 - 7*n**2 + 48*n. Let j be y(-3). What is the highest common divisor of j and b?
32
Suppose -3*f = -2*f - 72. Let b be ((-155)/62)/((-10)/f). Calculate the greatest common factor of b and 45.
9
Let u(a) = -a**3 + 18*a**2 - 24*a - 69. Let p be u(16). What is the greatest common factor of 59 and p?
59
Suppose 542*j - 61515 - 8727 = 536*j. Calculate the greatest common factor of j and 23.
23
Let m(p) = -p**2 + 24*p + 494. Let s be m(35). What is the greatest common divisor of s and 3?
1
Suppose 8 = -3*i + 2*m, i + 12 - 6 = 4*m. Let k be 6 + i + 20/4. What is the highest common divisor of k and 117?
9
Suppose -19 = -3*w - 4*j, 3*w = 5*j - j + 59. Let z = 34 - 32. Suppose 3*g - 107 = z*o - 3*o, -5*o + 517 = -3*g. Calculate the highest common factor of o and w.
13
Suppose -33*i + 9240 = -21*i. Calculate the highest common divisor of 198 and i.
22
Let x be -24 + (-550)/(-25) - -226. Calculate the greatest common divisor of x and 9824.
32
Let d(m) = -30*m + 288. Let v be d(9). Suppose 228 = l + 2*y, y = 4*l + 2*y - 912. Calculate the highest common divisor of l and v.
6
Let k(m) = 111*m + 1. Let x be k(1). Let b(n) = 81 + 12*n - 23*n - 20. Let v be b(3). Calculate the highest common divisor of x and v.
28
Let r(h) = 9*h**2 - 10*h - 110. Let i be r(5). Suppose 5*j - 2281 = -3*z, 5*j - 2277 = -3*z + 2*z. Calculate the greatest common divisor of i and j.
65
Suppose 0 = -2505*p + 2517*p - 1159 - 3989. What is the highest common factor of p and 442?
13
Let l(g) = g**3 + 49*g**2 - 49*g + 235. Let b be l(-50). Calculate the highest common divisor of 25 and b.
5
Let l be ((-5056)/(-88))/((-16)/(-88)). Calculate the highest common factor of 158 and l.
158
Suppose 0*c = 9*c - 1827. Suppose 18*b - 11*b = 203. Calculate the highest common divisor of b and c.
29
Let j be -1*(1 + 3)*-3. Let k be ((-10)/(-9))/(2/9). Suppose 5*v - 3*n - 15 = 0, v = -0*v - k*n + 3. Calculate the highest common factor of v and j.
3
Suppose 1988 + 2319 - 737 = 14*f. Calculate the highest common factor of 2856 and f.
51
Let h be (1/(5/(-4)))/(8/20). Let v be 2/(h/2*2). Let z be ((-22)/(-6) - v)*(17 - 11). Calculate the greatest common divisor of z and 14.
14
Suppose -76*v - 161 + 416 = -201. What is the greatest common factor of v and 8?
2
Let s = 6132 + -6076. What is the highest common factor of s and 224?
56
Let g be (-7)/(-3)*(-